e the highest common factor of 172545 and 845.
5
Calculate the highest common factor of 1783006 and 2447338.
3818
What is the highest common factor of 392425 and 4675?
275
Calculate the greatest common divisor of 14400 and 22740.
60
What is the highest common divisor of 1058 and 6876448?
46
What is the greatest common divisor of 86480703 and 311?
311
Calculate the greatest common factor of 79225913 and 13.
13
Calculate the highest common divisor of 473330 and 5995.
55
Calculate the highest common factor of 10513584 and 648.
216
What is the highest common factor of 333 and 129167?
37
Calculate the greatest common divisor of 10380032 and 2106.
26
Calculate the greatest common factor of 2133264 and 622272.
336
Calculate the highest common divisor of 80868 and 81052.
92
What is the highest common divisor of 1083186 and 2808?
702
Calculate the greatest common divisor of 1736482 and 3366.
374
What is the highest common divisor of 520 and 1595932?
52
Calculate the highest common factor of 36 and 105849432.
36
Calculate the greatest common factor of 41 and 10457173.
41
Calculate the highest common divisor of 392 and 948015544.
392
What is the highest common factor of 12407 and 633346?
19
What is the greatest common divisor of 242807885 and 8038?
4019
Calculate the highest common factor of 1389743 and 12643.
47
What is the greatest common divisor of 6602990 and 1340?
10
What is the highest common factor of 364 and 798658?
14
Calculate the greatest common factor of 15003738 and 486.
54
Calculate the greatest common divisor of 6074648 and 80984.
424
Calculate the highest common factor of 436977 and 3519.
207
What is the highest common factor of 41806 and 8197?
1
What is the highest common divisor of 26108 and 10564324?
428
Calculate the highest common divisor of 13404804 and 1140.
228
Calculate the greatest common divisor of 28 and 393508969.
7
Calculate the greatest common factor of 4864 and 102960544.
608
What is the greatest common divisor of 3499 and 1474293153?
3499
What is the greatest common divisor of 483060 and 68160?
60
Calculate the highest common factor of 5530 and 37210.
10
What is the greatest common factor of 333717 and 132864?
519
What is the highest common factor of 248 and 5693528?
8
What is the greatest common divisor of 8904391 and 1841?
263
Calculate the highest common divisor of 88686 and 36222.
6
What is the greatest common divisor of 336 and 11514720?
336
What is the greatest common factor of 153271125 and 2835?
315
What is the greatest common divisor of 1460 and 185810?
10
What is the greatest common factor of 264820 and 3260?
20
What is the greatest common factor of 8451360 and 7200?
1440
What is the greatest common factor of 1419 and 65710579?
473
Calculate the highest common factor of 60249 and 3809579.
151
What is the greatest common factor of 30499803 and 1998?
333
Calculate the greatest common factor of 271407280 and 2.
2
What is the greatest common divisor of 5952 and 671367?
93
What is the highest common factor of 603214 and 3349?
197
Calculate the highest common factor of 1607491196 and 296.
148
What is the highest common factor of 19093915 and 244?
61
Calculate the greatest common factor of 9562 and 11759894.
1366
Calculate the greatest common factor of 46646 and 264702.
562
What is the highest common factor of 44415 and 3264150?
705
What is the highest common divisor of 58 and 52625198?
58
Calculate the highest common divisor of 1264 and 183462016.
1264
Calculate the greatest common factor of 48 and 398757768.
24
Calculate the highest common divisor of 418376 and 51464.
56
What is the greatest common divisor of 900461 and 9?
1
What is the greatest common factor of 718630320 and 8?
8
What is the greatest common divisor of 18195895 and 6785?
295
What is the greatest common factor of 5 and 1645537?
1
Calculate the greatest common divisor of 928261089 and 21.
21
What is the greatest common factor of 4371185 and 13?
13
What is the greatest common divisor of 801 and 853243?
89
Calculate the highest common divisor of 2210 and 36006085.
85
Calculate the greatest common divisor of 4788 and 531795978.
2394
What is the highest common divisor of 36 and 104561916?
12
What is the highest common factor of 3776 and 367552?
64
Calculate the greatest common factor of 44 and 119388428.
4
Calculate the highest common factor of 1170 and 88657010.
130
What is the highest common factor of 2138147085 and 15?
15
What is the highest common factor of 4513120 and 1653688?
3368
Calculate the highest common divisor of 2767243908 and 14898.
14898
Calculate the highest common factor of 22924 and 3179.
11
What is the highest common divisor of 739032 and 987700?
2324
Calculate the highest common factor of 286 and 74454094.
286
What is the greatest common divisor of 8701 and 705089?
77
What is the highest common divisor of 31738456 and 85?
17
What is the greatest common divisor of 311947 and 4736?
37
Calculate the highest common divisor of 4542 and 155765619.
2271
What is the greatest common factor of 30 and 199562538?
6
Calculate the highest common factor of 100859838 and 564.
282
Calculate the greatest common factor of 13307755 and 4475.
895
What is the greatest common divisor of 2028 and 49838568?
156
What is the highest common factor of 9316 and 130410026?
4658
What is the greatest common divisor of 27996255 and 549?
549
Calculate the highest common factor of 3592168 and 612.
68
Calculate the greatest common factor of 166201788 and 93.
93
What is the highest common factor of 44 and 18546676?
4
Calculate the highest common factor of 305739817 and 151.
151
What is the greatest common divisor of 5970028 and 76?
76
What is the greatest common divisor of 21462 and 38139288?
438
What is the greatest common divisor of 5882476 and 228?
76
What is the greatest common factor of 48504 and 1459068?
564
What is the greatest common divisor of 1744808 and 113867?
247
Calculate the highest common divisor of 2632 and 237406400.
2632
Calculate the greatest common factor of 2581 and 621557.
29
Calculate the highest common divisor of 12802864 and 3980.
796
Calculate the greatest common factor of 2212 and 34507200.
2212
Calculate the greatest common factor of 125195 and 2256065.
2555
What is the greatest common divisor of 6741314 and 76?
38
What is the highest common factor of 1370436675 and 183?
183
What is the highest common factor of 56870082 and 44784?
5598
Calculate the highest common divisor of 135 and 66203271.
27
What is the highest common divisor of 31 and 1154719?
31
Calculate the highest common factor of 376 and 128583540.
188
What is the greatest common factor of 1905292 and 544?
68
Calculate the greatest common factor of 615117 and 1963599.
1137
What is the greatest common factor of 16063054 and 98?
14
What is the greatest common factor of 86996 and 119?
7
Calculate the greatest common divisor of 1214388 and 613277.
553
What is the highest common divisor of 826724 and 6532?
284
What is the greatest common divisor of 143940 and 98730?
30
What is the highest common divisor of 27170 and 77963600?
1430
Calculate the greatest common divisor of 2212016 and 112.
16
Calculate the highest common divisor of 1864668 and 1716.
156
What is the highest common divisor of 6 and 93637?
1
What is the greatest common factor of 12665469 and 275016?
4911
What is the highest common factor of 2174843 and 253?
11
Calculate the greatest common factor of 284472 and 7794.
18
What is the highest common divisor of 986 and 2476252?
58
Calculate the highest common divisor of 1534 and 1942116098.
1534
What is the greatest common divisor of 136 and 3284536?
136
Calculate the highest common divisor of 22049305 and 178.
89
Calculate the highest common factor of 25616 and 1728.
16
Calculate the highest common divisor of 100681704 and 360.
72
Calculate the highest common factor of 114 and 420559167.
57
What is the greatest common factor of 215616 and 28075?
1123
Calculate the greatest common factor of 10815 and 22400.
35
What is the greatest common factor of 5739615 and 2109?
57
What is the greatest common divisor of 95615 and 1521?
13
What is the highest common divisor of 55997739 and 5906?
2953
What is the highest common factor of 1093068 and 5742?
522
Calculate the highest common divis